 of 23?
False
Does 33 divide 12072225?
True
Does 178 divide 631679?
False
Is 355 a factor of 7440800?
True
Is 21 a factor of 519143?
False
Is 470374 a multiple of 56?
False
Does 1536 divide 4150281?
False
Does 4 divide 1223970?
False
Is 5746398 a multiple of 379?
True
Is 589988 a multiple of 28?
True
Is 194 a factor of 793848?
True
Does 71 divide 17101?
False
Is 103950 a multiple of 37?
False
Is 12 a factor of 4830238?
False
Is 686 a factor of 996258?
False
Is 107505 a multiple of 24?
False
Does 455 divide 1168895?
True
Is 2737632 a multiple of 16?
True
Does 1253 divide 1707839?
True
Is 193711 a multiple of 355?
False
Is 375 a factor of 1492500?
True
Is 5 a factor of 12200?
True
Is 10426 a multiple of 9?
False
Is 3 a factor of 2204302?
False
Is 4079433 a multiple of 19?
True
Does 117 divide 70872?
False
Is 1124 a factor of 3673232?
True
Does 8 divide 282336?
True
Is 4046537 a multiple of 22?
False
Does 21 divide 8043?
True
Is 264 a factor of 194568?
True
Does 2 divide 40287?
False
Is 171784 a multiple of 197?
True
Is 43 a factor of 49966?
True
Does 9 divide 195736?
False
Is 212059 a multiple of 19?
True
Does 28 divide 509432?
True
Is 190768 a multiple of 8?
True
Is 14 a factor of 5875282?
True
Is 1079780 a multiple of 611?
False
Is 978758 a multiple of 183?
False
Is 97717 a multiple of 6?
False
Does 114 divide 1535363?
False
Does 22 divide 280975?
False
Is 45 a factor of 15175888?
False
Is 65 a factor of 91260?
True
Does 494 divide 2658214?
True
Does 234 divide 3070933?
False
Is 9961552 a multiple of 16?
True
Does 7 divide 11656?
False
Is 5166590 a multiple of 1719?
False
Is 694248 a multiple of 150?
False
Is 169 a factor of 6408936?
False
Does 10 divide 14934?
False
Is 3757345 a multiple of 8?
False
Is 81105 a multiple of 2?
False
Is 964504 a multiple of 674?
False
Does 21 divide 733044?
False
Is 186 a factor of 4401453?
False
Does 29 divide 1266044?
False
Does 656 divide 132101?
False
Is 1390303 a multiple of 389?
False
Is 1551026 a multiple of 22?
False
Does 26 divide 868777?
False
Is 8 a factor of 1829528?
True
Does 246 divide 254487?
False
Is 3 a factor of 595394?
False
Is 161 a factor of 3794609?
True
Does 26 divide 3972040?
False
Does 157 divide 614341?
True
Does 5 divide 1176690?
True
Is 394272 a multiple of 9?
True
Is 274 a factor of 26304?
True
Does 2 divide 459588?
True
Is 36000 a multiple of 360?
True
Is 9767826 a multiple of 411?
True
Is 6044929 a multiple of 60?
False
Is 84993 a multiple of 142?
False
Is 356004 a multiple of 9?
True
Is 550368 a multiple of 206?
False
Is 875 a factor of 2167375?
True
Is 6370344 a multiple of 12?
True
Is 76 a factor of 98163?
False
Is 14 a factor of 483496?
False
Is 742818 a multiple of 66?
False
Does 17 divide 654523?
False
Is 214 a factor of 32290?
False
Does 57 divide 15588381?
False
Is 7 a factor of 3323?
False
Is 20 a factor of 9253870?
False
Does 11 divide 7451279?
True
Is 84 a factor of 91917?
False
Is 290048 a multiple of 128?
True
Does 639 divide 127161?
True
Is 1363814 a multiple of 99?
False
Does 131 divide 3178679?
False
Does 12 divide 14709468?
True
Does 60 divide 824280?
True
Is 63114 a multiple of 17?
False
Is 1224613 a multiple of 69?
False
Does 14 divide 93268?
True
Does 27 divide 240030?
True
Is 20 a factor of 225842?
False
Is 6513978 a multiple of 54?
False
Is 69866 a multiple of 11?
False
Is 22 a factor of 180095?
False
Does 57 divide 451953?
True
Is 3517368 a multiple of 111?
True
Is 26 a factor of 10376886?
True
Is 75 a factor of 108167?
False
Is 516 a factor of 10360223?
False
Is 652 a factor of 5082992?
True
Does 61 divide 2995527?
True
Does 290 divide 47053?
False
Does 368 divide 51152?
True
Does 107 divide 7811?
True
Is 25 a factor of 6870853?
False
Is 84 a factor of 5428584?
True
Is 13 a factor of 27885?
True
Does 13 divide 60356?
False
Is 6918433 a multiple of 235?
False
Is 1923182 a multiple of 46?
False
Does 58 divide 670450?
False
Is 133 a factor of 120768?
False
Is 2652091 a multiple of 22?
False
Is 21 a factor of 400281?
True
Does 270 divide 603302?
False
Is 116 a factor of 388698?
False
Is 1436057 a multiple of 112?
False
Is 108504 a multiple of 137?
True
Is 44766 a multiple of 9?
True
Does 78 divide 288506?
False
Is 326 a factor of 1115372?
False
Does 13 divide 231075?
True
Does 2 divide 7534?
True
Is 145 a factor of 37176?
False
Is 5390 a multiple of 11?
True
Does 70 divide 32012?
False
Does 209 divide 642618?
False
Does 364 divide 249417?
False
Is 19 a factor of 171171?
True
Does 32 divide 28748?
False
Is 3778524 a multiple of 9?
True
Does 14 divide 652033?
False
Is 43 a factor of 49579?
True
Does 24 divide 8026171?
False
Is 251 a factor of 3736805?
False
Is 4989508 a multiple of 9?
False
Is 8 a factor of 1806819?
False
Is 1570085 a multiple of 11?
True
Is 129 a factor of 203985?
False
Is 918 a factor of 3071255?
False
Does 59 divide 3078561?
True
Does 210 divide 1817337?
False
Is 169393 a multiple of 22?
False
Is 265224 a multiple of 151?
False
Does 20 divide 396200?
True
Does 41 divide 2202930?
True
Does 22 divide 78946?
False
Does 19 divide 250252?
False
Is 68 a factor of 3358297?
False
Is 2413945 a multiple of 14?
False
Does 119 divide 277389?
True
Is 2939958 a multiple of 13?
False
Is 512622 a multiple of 169?
False
Is 9031980 a multiple of 12?
True
Does 10 divide 2618570?
True
Is 9942642 a multiple of 27?
True
Does 52 divide 457155?
False
Does 247 divide 1007019?
True
Is 462356 a multiple of 41?
False
Is 3434054 a multiple of 1147?
False
Is 1426 a factor of 3243096?
False
Is 153 a factor of 5470943?
False
Is 10122093 a multiple of 107?
True
Is 11 a factor of 1763905?
True
Does 83 divide 344367?
True
Does 267 divide 303579?
True
Is 34 a factor of 155924?
True
Is 20 a factor of 193920?
True
Does 95 divide 995079?
False
Is 131011 a multiple of 13?
False
Is 11136444 a multiple of 11?
True
Is 74452 a multiple of 27?
False
Is 9484244 a multiple of 77?
True
Is 527 a factor of 514845?
False
Is 13 a factor of 2346788?
False
Does 165 divide 153615?
True
Is 1117541 a multiple of 11?
False
Is 174 a factor of 1743306?
True
Is 9828 a multiple of 26?
True
Is 21277929 a multiple of 22?
False
Is 1107336 a multiple of 74?
True
Is 23 a factor of 12901?
False
Is 4 a factor of 5028596?
True
Is 282546 a multiple of 33?
True
Is 15 a factor of 300905?
False
Does 113 divide 377431?
False
Is 60 a factor of 2175720?
True
Is 399230 a multiple of 370?
True
Is 2277210 a multiple of 130?
True
Is 971327 a multiple of 8?
False
Is 274915 a multiple of 5?
True
Is 7326280 a multiple of 1930?
True
Is 21 a factor of 138096?
True
Is 667 a factor of 5079872?
True
Is 9 a factor of 758486?
False
Is 22 a factor of 37869?
False
Does 101 divide 1461571?
True
Is 112606 a multiple of 129?
False
Does 8 divide 476475?
False
Does 18 divide 107137?
False
Is 433 a factor of 747358?
True
Does 115 divide 943207?
False
Is 7092441 a multiple of 6?
False
Is 11 a factor of 277024?
True
Does 188 divide 1782428?
True
Does 2 divide 33529?
False
Is 6272 a multiple of 28?
True
Does 77 divide 6033048?
False
Does 185 divide 113960?
True
Is 174328 a multiple of 7?
True
Is 232 a factor of 1098984?
True
Is 3068623 a multiple of 165?
False
Is 4131247 a multiple of 16?
False
Is 446 a factor of 170818?
True
Is 247 a factor of 5871437?
True
Is 840151 a multiple of 6?
False
Does 143 divide 1002573?
True
Is 339550 a multiple of 228?
False
Does 49 divide 214816?
True
Is 7166368 a multiple of 1892?
False
Is 26 a factor of 112421?
False
Is 2076529 a multiple of 247?
True
Does 11 divide 1587914?
False
Is 2626704 a multiple of 464?
True
Is 9 a factor of 3095564?
False
Does 3 divide 130315?
False
Is 183 a factor of 1150814?
False
Is 6126868 a multiple of 17?
True
Is 14 a factor of 2896978?
True
Is 14 a factor of 507017?
False
Does 24 divide 1346568?
True
Does 75 divide 91950?
True
Does 20 divide 50640?
True
Is 1073609 a multiple of 29?
True
Does 80 divide 3919200?
True
Does 59 divide 992131?
False
Is 509092 a multiple of 21?
False
Is 106 a factor of 140344?
True
Is 4175996 a multiple of 549?
False
Is 5 a factor of 561833?
False
Is 3 a factor of 141038?
False
Is 516147 a multiple of 9?
False
Is 978276 a multiple of 26?
True
Does 13 divide 82953?
True
Is 3 a factor of 249838?
False
Is 276 a factor of 99445?
False
Is 165 a factor of